{"id":33,"date":"2016-12-17T17:29:00","date_gmt":"2016-12-17T16:29:00","guid":{"rendered":"http:\/\/kopierzentrum-peker.de\/cms\/?page_id=33"},"modified":"2024-04-23T17:37:06","modified_gmt":"2024-04-23T15:37:06","slug":"startseite","status":"publish","type":"page","link":"http:\/\/kopierzentrum-peker.de\/cms\/","title":{"rendered":"Startseite"},"content":{"rendered":"[vc_row][vc_column][vc_row_inner][vc_column_inner][\/vc_column_inner][\/vc_row_inner][\/vc_column][\/vc_row][vc_row css=&#8220;.vc_custom_1485017209492{margin-top: 25px !important;}&#8220;][vc_column width=&#8220;1\/3&#8243;]<div class=\"oi_box\" style=\" background:#dd3333; border:1px solid #ededed; color:#ffffff !important;\"><div class=\"icon_holder\" style=\"background:#000000; \"><img class=\"oi_box_icon\" src=\"http:\/\/html.orange-idea.com\/splendor\/wp-content\/themes\/splendor\/assets\/img\/plane.png\" alt=\"\"><\/div><h3 clas=\"small_width\" style=\"color:#ffffff !important;\">BEI UNS SIND SIE RICHTIG!<\/h3><\/p>\n<div style=\"min-height: 165px;\">\n<p style=\"text-align: center;\"><strong>WIR DRUCKEN UND BINDEN<\/strong><\/p>\n<p style=\"text-align: center;\"><strong>IHRE<\/strong><\/p>\n<p style=\"text-align: center;\"><strong>ARBEITEN<\/strong><\/p>\n<p style=\"text-align: center;\"><strong>IN NUR EINE STUNDE<\/strong><\/p>\n<p style=\"text-align: center;\">_________<\/p>\n<\/div>\n<div style=\"min-height: 165px;\">\n<p style=\"text-align: center;\"><em>DISSERTATIONEN<\/em><strong><br \/>\n<\/strong><\/p>\n<p style=\"text-align: center;\"><em>DOKTORARBEITEN<\/em><\/p>\n<p style=\"text-align: center;\"><em>DIPLOMARBEITEN<\/em><\/p>\n<p style=\"text-align: center;\"><em>MASTERARBEITEN<\/em><\/p>\n<p style=\"text-align: center;\"><em>BACHELORARBEITEN<\/em><\/p>\n<p style=\"text-align: center;\"><em>HAUSARBEITEN<\/em><\/p>\n<\/div>\n<p><\/div>[\/vc_column][vc_column width=&#8220;1\/3&#8243;]<div class=\"oi_box\" style=\" background:#000000; border:1px solid #ededed; color:#ffffff !important;\"><div class=\"icon_holder\" style=\"background:#dd3333; \"><img class=\"oi_box_icon\" src=\"http:\/\/html.orange-idea.com\/splendor\/wp-content\/themes\/splendor\/assets\/img\/plane.png\" alt=\"\"><\/div><h3 clas=\"small_width\" style=\"color:#ffffff !important;\"><strong><em>NEU! NEU! NEU!<\/em><\/strong><\/h3><\/p>\n<div>\n<h2 style=\"text-align: center;\"><em><strong>ANGEBOT<\/strong><\/em><\/h2>\n<p style=\"text-align: center;\"><strong><em>FARBKOPIEN \/ FARBDRUCKE<\/em><br \/>\n<\/strong><\/p>\n<h2 style=\"text-align: center;\"><strong>1000 A4:\u00a0 280.- \u20ac<\/strong><\/h2>\n<h2 style=\"text-align: center;\"><strong>\u00a0<\/strong><\/h2>\n<p style=\"text-align: center;\">_________<\/p>\n<\/div>\n<div>\n<h4 style=\"text-align: center;\"><em>SAMSTAGS\u00a0 <\/em><\/h4>\n<p style=\"text-align: center;\"><em><strong>In der R\u00f6merstr.<\/strong><\/em><\/p>\n<h4 style=\"text-align: center;\"><em>10.00 &#8211; 15.00 Uhr<\/em><\/h4>\n<h4 style=\"text-align: center;\"><em>GE\u00d6FFNET<\/em><\/h4>\n<\/div>\n<p><\/div>[\/vc_column][vc_column width=&#8220;1\/3&#8243;]<div class=\"oi_box\" style=\" background:#dd3333; border:1px solid #ededed; color:#ffffff !important;\"><div class=\"icon_holder\" style=\"background:#000000; \"><img class=\"oi_box_icon\" src=\"http:\/\/html.orange-idea.com\/splendor\/wp-content\/themes\/splendor\/assets\/img\/plane.png\" alt=\"\"><\/div><h3 clas=\"small_width\" style=\"color:#ffffff !important;\">NEU<\/h3><\/p>\n<p style=\"text-align: center;\"><strong><em>AUFTR\u00c4GE PER MAIL<br \/>\n<\/em><\/strong><\/p>\n<p style=\"text-align: left;\"><em>Wir nehmen alle Auftr\u00e4ge und Abschlussarbeiten per Mail an und vereinbaren mit Ihnen einen Abholtermin. Bei gr\u00f6\u00dferen Auftr\u00e4gen, insbesondere Abschlussarbeiten, melden Sie sich bitte sp\u00e4testens einen Tag vorher per Mail mit Ihrem Drucktag. Die genaue Uhrzeit lassen wir Ihnen dann zukommen.<\/em><\/p>\n<p style=\"text-align: left;\">Jetzt Termin vereinbaren unter: www.info@kopierzentrum-peker.de<\/p>\n<p><\/div>[\/vc_column][\/vc_row][vc_row full_width=&#8220;stretch_row&#8220; video_bg=&#8220;yes&#8220; video_bg_url=&#8220;https:\/\/www.youtube.com\/watch?v=86uMnjeg1W8&#8243; video_bg_parallax=&#8220;content-moving-fade&#8220; css=&#8220;.vc_custom_1485018276478{padding-top: 90px !important;padding-bottom: 90px !important;}&#8220;][vc_column][\/vc_column][vc_column][vc_column_text css_animation=&#8220;left-to-right&#8220; css=&#8220;.vc_custom_1485018756666{padding-top: 30px !important;padding-right: 25px !important;padding-bottom: 30px !important;padding-left: 25px !important;background-color: #ffffff !important;}&#8220;]<\/p>\n<h1 style=\"text-align: center;\">EINFACH BEEINDRUCKEND<\/h1>\n<h3 style=\"text-align: center;\">\u00a0Als kompetenter Copyshop im Bereich Druck und Kopie unterst\u00fctzen wir unsere Kunden individuell und professionell \u2013 und das schon seit \u00fcber 34\u00a0Jahren in Heidelberg!<\/h3>\n<p>[\/vc_column_text][\/vc_column][\/vc_row][vc_row][vc_column][\/vc_column][\/vc_row][vc_row full_width=&#8220;stretch_row&#8220; css=&#8220;.vc_custom_1495965715018{padding-top: 50px !important;padding-bottom: 50px !important;background-image: url(http:\/\/kopierzentrum-peker.de\/cms\/wp-content\/uploads\/2017\/01\/k1.jpg?id=93) !important;}&#8220;][vc_column width=&#8220;1\/6&#8243;][vc_icon icon_fontawesome=&#8220;fa fa-hand-o-right&#8220; color=&#8220;custom&#8220; background_style=&#8220;boxed&#8220; background_color=&#8220;white&#8220; size=&#8220;xl&#8220; custom_color=&#8220;#dd3333&#8243;][\/vc_column][vc_column width=&#8220;5\/6&#8243;][vc_column_text css=&#8220;.vc_custom_1680358830930{padding-top: 30px !important;padding-right: 25px !important;padding-bottom: 30px !important;padding-left: 25px !important;background-color: #ffffff !important;}&#8220;]<strong>Unser Copyshop bietet Ihnen die passende Ausstattung f\u00fcr Ihr Vorhaben. Im Selbstbedienungsbereich finden Sie schnelle Kopierer in S\/W und Farbe. Diplomarbeiten und komplexere Produkte laminieren, schneiden, rillen, falzen und binden unsere qualifizierten Mitarbeiter f\u00fcr Sie.<\/strong>[\/vc_column_text][\/vc_column][\/vc_row]","protected":false},"excerpt":{"rendered":"<p>[vc_row][vc_column][vc_row_inner][vc_column_inner][\/vc_column_inner][\/vc_row_inner][\/vc_column][\/vc_row][vc_row css=&#8220;.vc_custom_1485017209492{margin-top: 25px !important;}&#8220;][vc_column width=&#8220;1\/3&#8243;][\/vc_column][vc_column width=&#8220;1\/3&#8243;][\/vc_column][vc_column width=&#8220;1\/3&#8243;][\/vc_column][\/vc_row][vc_row full_width=&#8220;stretch_row&#8220; video_bg=&#8220;yes&#8220; video_bg_url=&#8220;https:\/\/www.youtube.com\/watch?v=86uMnjeg1W8&#8243; video_bg_parallax=&#8220;content-moving-fade&#8220; css=&#8220;.vc_custom_1485018276478{padding-top: 90px !important;padding-bottom: 90px !important;}&#8220;][vc_column][\/vc_column][vc_column][vc_column_text css_animation=&#8220;left-to-right&#8220; css=&#8220;.vc_custom_1485018756666{padding-top: 30px !important;padding-right: 25px !important;padding-bottom: 30px !important;padding-left: 25px !important;background-color: #ffffff !important;}&#8220;] EINFACH BEEINDRUCKEND \u00a0Als kompetenter Copyshop im Bereich Druck und Kopie unterst\u00fctzen wir unsere Kunden individuell und professionell \u2013 und das schon seit \u00fcber 34\u00a0Jahren in Heidelberg! [\/vc_column_text][\/vc_column][\/vc_row][vc_row][vc_column][\/vc_column][\/vc_row][vc_row [&hellip;]<\/p>\n","protected":false},"author":1,"featured_media":0,"parent":0,"menu_order":0,"comment_status":"closed","ping_status":"closed","template":"","meta":[],"_links":{"self":[{"href":"http:\/\/kopierzentrum-peker.de\/cms\/wp-json\/wp\/v2\/pages\/33"}],"collection":[{"href":"http:\/\/kopierzentrum-peker.de\/cms\/wp-json\/wp\/v2\/pages"}],"about":[{"href":"http:\/\/kopierzentrum-peker.de\/cms\/wp-json\/wp\/v2\/types\/page"}],"author":[{"embeddable":true,"href":"http:\/\/kopierzentrum-peker.de\/cms\/wp-json\/wp\/v2\/users\/1"}],"replies":[{"embeddable":true,"href":"http:\/\/kopierzentrum-peker.de\/cms\/wp-json\/wp\/v2\/comments?post=33"}],"version-history":[{"count":193,"href":"http:\/\/kopierzentrum-peker.de\/cms\/wp-json\/wp\/v2\/pages\/33\/revisions"}],"predecessor-version":[{"id":476,"href":"http:\/\/kopierzentrum-peker.de\/cms\/wp-json\/wp\/v2\/pages\/33\/revisions\/476"}],"wp:attachment":[{"href":"http:\/\/kopierzentrum-peker.de\/cms\/wp-json\/wp\/v2\/media?parent=33"}],"curies":[{"name":"wp","href":"https:\/\/api.w.org\/{rel}","templated":true}]}}